is the greatest common divisor of g and u?
11
Suppose 2*w - 18 = w. Let p be w*2*6/8. Let h(i) = -3*i + 3. Let y be h(-5). Calculate the highest common divisor of y and p.
9
Suppose -z - 13 + 39 = 0. Suppose c + 2*c - 151 = -2*u, -3*u - 2*c = -224. Suppose 2*y - u + z = 0. What is the greatest common factor of y and 36?
12
Suppose -23 = -8*q + 65. Suppose c - 8*x + 5*x - 40 = 0, -5*x = 3*c - 190. What is the highest common divisor of q and c?
11
Let b = 7 + -5. Suppose -b + 19 = o. What is the highest common factor of 136 and o?
17
Let a = 5 - 2. Let g = a - 3. Suppose g = s + 4*b - 20, s + 0*s - 41 = 3*b. What is the highest common divisor of s and 80?
16
Let k(s) = -2*s - 6. Let d be k(-8). Suppose f - 3*f = -d. Suppose -3*z = -f*z + 22. Calculate the greatest common factor of z and 11.
11
Let d be (2/3)/((-12)/(-54)). Let l be 8/6*(d + 3). Calculate the greatest common divisor of 56 and l.
8
Let a = 2 - -13. What is the greatest common divisor of a and 105?
15
Suppose 2*w = 0, -c + 29 = -9*w + 4*w. Let v = -18 + c. Suppose -235 = -5*i + 5*o, -3*o - 4 = 5. Calculate the highest common factor of v and i.
11
Let k be (1 + 28/(-20))*(-1 + -14). Let c be 338/7 - (-2)/(-7). What is the greatest common factor of c and k?
6
Let t(y) = -y + 2*y + 7 + 3. Let h be t(-5). Suppose -h*u = m - 205, -6*m = -2*m + 20. Calculate the highest common divisor of 14 and u.
14
Let i = -71 - -159. Calculate the greatest common divisor of 8 and i.
8
Suppose -5*a + 68 = 23. What is the greatest common divisor of 1 and a?
1
Let k = -21 - -25. Calculate the greatest common factor of k and 44.
4
Let p be (-4)/10*-5 + 6. What is the greatest common divisor of 1 and p?
1
Let z be (4/(-10))/(1/(-20)). Let c = 184 - z. What is the highest common factor of c and 22?
22
Let d be -1 + 1 + 4*6. What is the highest common divisor of d and 192?
24
Let p be 44/3 + -1 + (-4)/(-12). What is the highest common divisor of 2 and p?
2
Let j = 9 - -40. What is the greatest common divisor of 7 and j?
7
Let c be (-54 - -2)/(-1) + 0. Let s(y) = y**2 - 5*y + 7. Let v be s(6). Calculate the greatest common factor of c and v.
13
Let l be (-1)/2 + 14/4. Suppose -c - 48 = -n - 3*c, 0 = l*n + c - 139. What is the highest common factor of n and 115?
23
Let p be (-4)/(-12)*33 - 1. Calculate the greatest common divisor of 70 and p.
10
Let w be 9/(-6) + (-11)/(-2). Suppose 3 = 5*k - 7. Calculate the greatest common divisor of w and k.
2
Let t(x) = x**3 - 4*x**2 - 2*x - 5. Let i be t(5). Let c be 5*(2 + -2 - -2). What is the highest common factor of c and i?
10
Suppose -2*t + 1155 = 3*t. Let b be 16/6*(7 - 10). Let v be 2/b + 85/4. Calculate the highest common divisor of t and v.
21
Let f be (-1)/((-2)/4)*1. Suppose 0 = -3*a + f*j + 16, -2*j + 0*j = a - 8. Suppose -3*m = -d + a, 7*m = 2*m. Calculate the highest common factor of d and 30.
6
Suppose 3*d = -4*w + 41 + 4, 0 = 2*w - 2*d - 12. Calculate the highest common divisor of w and 36.
9
Suppose 3*b = 9, -2*y + y + 26 = 5*b. What is the highest common factor of 1 and y?
1
Let q = -69 - -105. What is the greatest common factor of 90 and q?
18
Suppose 0 = -0*b + 4*b - 612. Suppose 5*x - 8 = 77. What is the greatest common factor of b and x?
17
Let q(f) = -42*f + 12. Let k be q(-4). What is the greatest common divisor of 12 and k?
12
Let p = 6 + -3. Let b(j) = 10*j**2 - j. Let s(f) = 2*f**2. Let v(y) = -4*b(y) + 22*s(y). Let g be v(p). Calculate the greatest common factor of g and 12.
12
Let x(r) = 9*r - 1. Let s be x(-1). Let f be ((-8)/s + -2)*-5. Suppose -3*a = -2*a - 48. What is the highest common divisor of a and f?
6
Let n(y) = y**2 + 9*y + 5. Let f be n(-9). Suppose 2*s = 4*w - 40, 2*w - f = -5*s + 39. What is the highest common factor of 84 and w?
12
Let u(s) = -s**3 + 7*s**2 + s - 6. Let f be u(7). Calculate the highest common divisor of f and 1.
1
Suppose 3*l = 5*j + 60, 2*l - 38 = -3*j - 17. What is the highest common divisor of l and 6?
3
Suppose 2*k - 6*k + 20 = 0. Let f be 0*(-2)/4 + 55. What is the highest common factor of k and f?
5
Let i(v) = 2*v + 26. Let u be i(-9). What is the highest common factor of u and 6?
2
Suppose 7*z - 6 = 4*z. Suppose 0 = -z*b + 5*b - 36. Let r be b/8*(-2)/(-3). What is the highest common factor of 1 and r?
1
Let y = -45 + 24. Let a be ((-7)/y)/((-1)/(-39)). What is the highest common divisor of a and 104?
13
Let h(i) = 14*i**2 + i. Suppose -1 = 2*u - 3*u. Let z be h(u). Let a be -2*(-4)/((-16)/(-270)). What is the highest common divisor of a and z?
15
Let q = 1 - -2. Let y = q + 27. Let t(o) = 6*o**2 - o - 1. Let j be t(-1). What is the greatest common divisor of j and y?
6
Let s be (-72)/(-3)*(-5 - -7). Let q = 22 + -10. What is the greatest common divisor of s and q?
12
Suppose -2*m + 27 - 1 = 0. What is the greatest common factor of 117 and m?
13
Suppose r - x = -5, -1 = 2*x + 9. Let h be (-7)/(-35) + (-78)/r. Let f be (324/8)/(6/h). What is the highest common divisor of 18 and f?
18
Suppose -1 = -3*x + u, 13 = 2*x + 2*u - 1. Suppose -4 = -x*z + 8. Calculate the greatest common factor of 9 and z.
3
Suppose -5*s - 1 = -2*d, -4*s + 2*d - 5 = -d. Let a = -5 + s. Let r = a - -5. What is the highest common divisor of r and 9?
1
Let m(c) = -c**3 + 6*c**2 + c + 2. Let d be m(6). Let r = 11 + -6. Suppose 0*t = -r*t + 100. What is the greatest common factor of t and d?
4
Suppose 0 = 2*h - 10, 0 = -3*k - 2*h + 6 + 4. Suppose 5*q + 4*u - 36 - 184 = 0, k = q + 5*u - 44. What is the highest common factor of 11 and q?
11
Suppose -3*k - 35 = -6*k + 5*p, 13 = k - 2*p. Let c be (2/(3 - k))/1. Let m be (5/(-2))/(c/10). Calculate the highest common factor of m and 175.
25
Let x(d) be the first derivative of 3*d**2/2 - 6*d + 1. Let v be x(4). Let c be (-3)/2 - (-27)/v. What is the greatest common factor of c and 6?
3
Let z be (-16 + 5)/(2/(-4)). Suppose -4*s = -l + 4*l - 44, l - z = -5*s. Calculate the greatest common divisor of 4 and l.
4
Suppose 0 = -q + 3*q. Let g(b) = b**3 - 2*b + 33. Let f be g(q). What is the greatest common factor of 11 and f?
11
Let d = 59 - 38. Let l be (-1 + d)/(-2)*-1. Calculate the highest common divisor of l and 90.
10
Let h = -1 - -3. Suppose -2*z = 3*z - 5. Let f be (-2 + -1)/(z + -2). Calculate the greatest common factor of h and f.
1
Let o(r) = -r**3 + 11*r**2 - 11*r + 13. Let b be o(10). Suppose b*v = -0*v + 30. What is the greatest common divisor of 40 and v?
10
Suppose 5*z - 18 = 3*j - 60, -z = -4*j + 56. Suppose 56 = 4*r - 56. Calculate the greatest common factor of r and j.
14
Let o = 21 + -20. Calculate the highest common factor of o and 1.
1
Let y = -1 + 4. Suppose y*a - 4*i - 8 = 0, -i = -a - 5*i + 8. Let t(q) = 5*q - 5. Let l be t(a). Calculate the greatest common factor of l and 60.
15
Suppose 0 = -a - 3*d - 26 - 21, -2*d + 62 = -2*a. Let l = a + 52. Let p be (-17)/3*(0 + -3). What is the greatest common factor of l and p?
17
Suppose 8*v = 5*v + 234. Let s = v + 57. What is the highest common factor of 15 and s?
15
Let i(h) = h**3 + h**2 - h + 1. Let u be i(1). Suppose 5*k - 2*d - 2*d - 17 = 0, u*d - 4 = 0. Calculate the highest common divisor of 5 and k.
5
Let r be (0 - (-396)/(-15))*-10. Suppose r = 2*u - 0*u. Let m = 34 - 22. Calculate the greatest common divisor of m and u.
12
Suppose -3*d = -2*v + 330, -130 = -3*v - 5*d + 346. Calculate the highest common divisor of 18 and v.
18
Let m(g) = -g**3 + g + 29. Let n be m(0). What is the greatest common factor of n and 58?
29
Suppose -4*g - 3*y + 74 = g, -g + 4*y = -24. Suppose 0 = 5*f - 335 - 225. Calculate the highest common divisor of g and f.
16
Let t = -4 - -9. Suppose t*j + 1070 = -5*m, -5*m + 1090 = -3*j - 2*j. Let w = 337 + j. Calculate the greatest common factor of w and 11.
11
Let w(j) = -j**2 + 17. Let y(x) = x**2 - 4*x. Let i be y(4). Let u be w(i). Calculate the greatest common factor of 68 and u.
17
Let p = -5 - -19. Let f be -1 - -4 - (3 - 28). What is the greatest common factor of p and f?
14
Let j be 2/(-15) + 122/15. What is the greatest common divisor of j and 20?
4
Let q be (-4)/7 - (-18)/7. Suppose q*o = 2*m - o - 41, 5*m - 3*o - 89 = 0. Calculate the greatest common divisor of m and 4.
4
Let t be 15 - -2*3/2. Calculate the highest common factor of t and 72.
18
Suppose 6*t - 35 = 7. Calculate the highest co